
Suppose -30*a - 1309 = -3829. Calculate the greatest common factor of a and 1368.
12
Suppose -3*n - u = -2 + 9, 19 = n - 5*u. Let q(l) = -65*l**3 + 3*l**2 + 3*l. Let d be q(n). Calculate the greatest common factor of 325 and d.
65
Suppose -70*y + 72*y = -8, y - 1421 = -3*a. Calculate the highest common factor of a and 57.
19
Let s be (-21)/1*(-2 - -1). Let u be 15/s - (-2)/7. Suppose 11*d + 4 = 12*d. Calculate the highest common divisor of u and d.
1
Let c(m) = 3*m**3 - 10*m**2 - 18*m + 66. Let o be c(5). Calculate the highest common factor of o and 3232.
101
Suppose -3*s + 2*s = -4. Let n be (0 + s - 8) + 75. Suppose -y = 3*w - n, -3*w + 2*y - 5*y + 81 = 0. Calculate the greatest common divisor of w and 176.
22
Suppose -w + 24 = 3*j - 5*w, 2 = 2*j + 2*w. Let b be (-19)/j*((1 - 5) + -4). What is the highest common factor of 114 and b?
38
Suppose 0 = 10*c - 36 - 4. Suppose 28 + 16 = c*m. Suppose -6*d + m + 19 = 0. Calculate the greatest common divisor of d and 55.
5
Suppose -4*d + 148 = 4*y, -12*y - d = -9*y - 119. Calculate the highest common factor of y and 3321.
41
Let l be (385/(-15) + -4)/(5/15). Let g = -60 - l. What is the greatest common factor of 1 and g?
1
Let v(l) = 157*l + 5239. Let r be v(-33). Calculate the highest common factor of 4843 and r.
29
Let q(g) = -2*g**2 - 54*g - 44. Let u be q(22). Let s = -942 - u. Calculate the greatest common factor of s and 74.
74
Let m be (32/(-36) - -1) + ((-2982)/(-27))/14. Calculate the highest common factor of 6156 and m.
4
Let w be 3/((-6)/(-21) + (-1198)/4242). Calculate the highest common factor of w and 45.
9
Suppose -5*k + 573 = -w, -k + 109 = -2*w - 11. Let h be 2/(-2 + (k/16 - 5)). What is the greatest common divisor of 2 and h?
2
Let h be -1*(1/1 + -6). Let f be 2/6 + 132/9 + -15. Suppose f = -5*c - 3*g + 466, -4*c + 4*g + 39 + 353 = 0. Calculate the highest common divisor of c and h.
5
Let c be (4 + -11)*6/14*102. Let f = 578 + c. Calculate the highest common divisor of 34 and f.
34
Let p = -136 - -29. Let l = 135 + p. Calculate the highest common factor of 70 and l.
14
Suppose 6*i + 2692 = 3*i - u, -5*i = -5*u + 4480. Let m be (-2)/(-6) + i/(-9). Let z = -123 - -133. What is the greatest common factor of z and m?
10
Let l(d) = 5*d**2 - 1. Let z be l(-1). Let r be 2/28*z - 23/7. Let c = r + 8. Calculate the highest common divisor of 25 and c.
5
Let l = -788 - -949. Calculate the highest common divisor of 391 and l.
23
Let b = -18074 + 18267. Calculate the greatest common factor of b and 12352.
193
Let q be -99 - -90 - (-333 + -1). Let f(y) = -2*y**3 - 9*y**2 + y + 5. Let j be f(-5). What is the greatest common divisor of q and j?
25
Suppose z + 2*x = 2, -5*z + 70 = -5*x - 0*x. Let w = 17 - z. Let u(b) = -b**3 + 2*b**2 + 3*b - 3. Let m be u(-2). What is the greatest common factor of m and w?
7
Suppose 1597 = 2*g + a - 223, -5*a = 2*g - 1804. What is the highest common factor of 570 and g?
114
Let u(m) = -10*m + 173. Let r be u(17). Suppose -x - 7*l + 14 = -6*l, 15 = -r*l. Calculate the highest common divisor of x and 437.
19
Let p(j) = -1823*j**3 - 13*j**2 - 11*j - 2 - 28 + 1824*j**3. Let u be p(14). What is the highest common divisor of u and 96?
12
Let s(t) be the first derivative of -t**4/4 - t**3 + 29*t**2/2 + 16*t - 52. Let l be s(-8). What is the highest common divisor of 8 and l?
8
Let x be (-12)/(-36)*-24 + 103. What is the greatest common factor of 2489 and x?
19
Suppose 42 = 5*m - p - 561, 0 = -m + 2*p + 126. What is the highest common divisor of 3750 and m?
30
Suppose 897*n = 900*n - 2112. Calculate the highest common factor of 308 and n.
44
Let g = 11505 - 11428. Calculate the highest common divisor of g and 9856.
77
Let g = -13161 - -13169. Let x be 1/(-4) - 36/(-16). Suppose -x*p = p - 6. Calculate the highest common factor of g and p.
2
Let u = -230 - -272. Suppose u = 11*k - 134. Calculate the greatest common factor of k and 40.
8
Let t be (-18 - 522/(-36))*24/14. Let c(w) = -5*w**3 + 2. Let l be c(-2). Let f = t + l. What is the highest common divisor of f and 9?
9
Let f be 614/(-4)*(-10 + 8) + 1. Calculate the highest common divisor of f and 352.
44
Let k(x) = -x**3 + 13*x**2 - 12*x + 10. Suppose -5*h - 7 = -67. Let o be k(h). Let w = 282 - 112. Calculate the highest common divisor of o and w.
10
Suppose -17*r + 4874 + 6500 = 3622. What is the greatest common factor of r and 48?
24
Suppose 0*p + 3*j - 828 = -4*p, 4*p = -4*j + 828. What is the highest common factor of 2829 and p?
69
Suppose -30*k = -45*k + 20*k - 870. What is the highest common divisor of k and 1334?
58
Suppose 0 = 15*i - 62 + 2. Suppose 2*c + 5*j = -9, 0 = 2*c - i*j - 18. Let k be (1 - 2)*1*-3. Calculate the greatest common factor of k and c.
3
Suppose 125*m - 6142 - 51922 = 26686. Calculate the highest common factor of 3842 and m.
226
Let o = 2 + -5. Let k = o + -3. Let x(p) = 3*p**2 - p - 18. Let s be x(k). Calculate the greatest common factor of 24 and s.
24
Suppose 0 = 6*b + 27 - 135. Suppose 0 = -14*x + b*x - 8. Suppose -x*r + 127 = 3*q, -r - 3*q + 69 = 7. Calculate the highest common divisor of 13 and r.
13
Let f be (-1779)/(-12) - (-2)/(-8). Suppose -43*l + 174*l - 4525 - 322 = 0. Calculate the greatest common factor of f and l.
37
Let v be (511 - 12)/((-1)/(-1)). Let f be (60/2)/(-6) + v. Calculate the greatest common divisor of f and 38.
38
Let s(o) = -o**2 + 11*o. Suppose -5*k + 3*d + 0 = -9, 3*k + d = 11. Let z be s(k). Calculate the greatest common divisor of z and 12.
12
Suppose -4*r = 4*u - 50 - 14, -5*u + 3*r + 64 = 0. Suppose -2*s + 2*o = -124, -o + 72 = s + u. What is the greatest common divisor of 45 and s?
15
Suppose 0*x - 2*x = r - 2, 5*r = -2*x + 18. Suppose -399 = -r*n + n. Suppose 16 - n = -z. Calculate the greatest common divisor of z and 13.
13
Let m = -9890 + 9992. Let i = -104 - -274. Calculate the greatest common factor of m and i.
34
Let d be ((-2 + -2 + -45)/(-1))/(-1). Let z = d + 51. What is the highest common divisor of z and 18?
2
Let m = 107 - 112. Let t be m/2 - (-25)/50. Let h be -3 + t/(4/(-118)). Calculate the highest common factor of 28 and h.
28
Let k = 104 - 112. Let i be (-6)/8 - (-1)/(k/(-926)). Calculate the highest common divisor of 46 and i.
23
Let v be (3 + -4)*0 + (-44)/(-2). Suppose 0 = z + 10 - v. Calculate the highest common divisor of 156 and z.
12
Suppose 5*p - 254 = 111. Let y be 0 + -3*2 + 3 + p. Suppose -2*a + y = o, 3*o = -4*a + 83 + 133. What is the highest common divisor of 19 and o?
19
Let f(l) = 74*l**2 + 17*l - 12. Let v be f(1). Calculate the greatest common factor of 12403 and v.
79
Suppose 4*y = 55 + 9. Let q be 165/(-22)*(y/(-6))/4. Calculate the highest common divisor of 4 and q.
1
Suppose 3056 = 3*h + n, -2*h + 1065*n = 1063*n - 2048. What is the greatest common factor of 459 and h?
51
Suppose 14*v - 6*v - 9936 = 0. Let d be (-8 - 1)/((-46)/v). What is the greatest common factor of d and 9?
9
Let p be 4/14*(1 + 13761/22). What is the greatest common divisor of 4833 and p?
179
Suppose -232 = -5*g + 608. Let i be 7 - (-17)/((-51)/(-42)). Calculate the highest common divisor of g and i.
21
Let x(i) = 8*i**2 - 152*i + 1201. Let f be x(8). What is the greatest common divisor of 385 and f?
7
Suppose 36*r - 4377 = 11751. Suppose 224 = 4*a + 2*k, 2*a - 4*k - 112 = -2*k. Calculate the highest common factor of r and a.
56
Let v be (-3)/((-6)/22) - (-3 + 9). Let c be (-49)/((14 - 8) + (-31)/v). What is the greatest common factor of c and 294?
49
Suppose -3*h - 2*u + 132 = 0, 157 = -2*h - 5*u + 267. What is the highest common factor of 856 and h?
8
Let l = -15 + 27. Suppose -2*v - 3*z = 2*v + 627, -2*v - 307 = -5*z. Let j = v + 174. Calculate the greatest common divisor of j and l.
6
Suppose 22121 = 26*t - 15999 - 18092. What is the highest common factor of 470 and t?
94
Let z(x) = 92*x**3 + 5*x**2 - 11*x - 12. Let p be z(3). Calculate the greatest common factor of 1518 and p.
138
Suppose 3*s - 174 = 4*t, 377*s - 376*s - 47 = 5*t. Calculate the highest common factor of 1550 and s.
62
Suppose 3*b = 22 - 4. Let d be ((-8)/(-16))/((-1)/(-1*b)). Suppose -i = -d*i + 114. Calculate the highest common divisor of i and 38.
19
Let p be (-2*1)/((-20)/720). Let q(i) = 74*i**2 + 16*i + 14. Let w be q(-1). Calculate the highest common factor of w and p